{"id":8,"date":"2021-10-09T14:17:00","date_gmt":"2021-10-09T14:17:00","guid":{"rendered":"https:\/\/christinas-rezepte.de\/?page_id=8"},"modified":"2025-01-17T10:03:54","modified_gmt":"2025-01-17T09:03:54","slug":"ueber-uns","status":"publish","type":"page","link":"https:\/\/christinas-rezepte.de\/?page_id=8","title":{"rendered":"Vorwort"},"content":{"rendered":"\n<p>Viele Menschen vertragen bestimmte Lebensmittel nicht.<br>Da ich auch jemanden in der Familie hatte, habe ich angefangen die Rezepte abzu\u00e4ndern und mir selbst welche auszudenken.<br>Hier ist eine Sammlung davon, mit Schlagw\u00f6rtern einfach zu finden.<br><br>Gr\u00fc\u00dfe von Christina<\/p>\n","protected":false},"excerpt":{"rendered":"<p>Viele Menschen vertragen bestimmte Lebensmittel nicht.Da ich auch jemanden in der Familie hatte, habe ich angefangen die Rezepte abzu\u00e4ndern und mir selbst welche auszudenken.Hier ist eine Sammlung davon, mit Schlagw\u00f6rtern einfach zu finden. Gr\u00fc\u00dfe von Christina<\/p>\n","protected":false},"author":1,"featured_media":0,"parent":0,"menu_order":0,"comment_status":"closed","ping_status":"closed","template":"","meta":{"footnotes":""},"class_list":["post-8","page","type-page","status-publish","hentry"],"_links":{"self":[{"href":"https:\/\/christinas-rezepte.de\/index.php?rest_route=\/wp\/v2\/pages\/8","targetHints":{"allow":["GET"]}}],"collection":[{"href":"https:\/\/christinas-rezepte.de\/index.php?rest_route=\/wp\/v2\/pages"}],"about":[{"href":"https:\/\/christinas-rezepte.de\/index.php?rest_route=\/wp\/v2\/types\/page"}],"author":[{"embeddable":true,"href":"https:\/\/christinas-rezepte.de\/index.php?rest_route=\/wp\/v2\/users\/1"}],"replies":[{"embeddable":true,"href":"https:\/\/christinas-rezepte.de\/index.php?rest_route=%2Fwp%2Fv2%2Fcomments&post=8"}],"version-history":[{"count":6,"href":"https:\/\/christinas-rezepte.de\/index.php?rest_route=\/wp\/v2\/pages\/8\/revisions"}],"predecessor-version":[{"id":152,"href":"https:\/\/christinas-rezepte.de\/index.php?rest_route=\/wp\/v2\/pages\/8\/revisions\/152"}],"wp:attachment":[{"href":"https:\/\/christinas-rezepte.de\/index.php?rest_route=%2Fwp%2Fv2%2Fmedia&parent=8"}],"curies":[{"name":"wp","href":"https:\/\/api.w.org\/{rel}","templated":true}]}}